factors of 336.
2, 3, 7
What are the prime factors of 85211?
7, 37, 47
What are the prime factors of 738?
2, 3, 41
What are the prime factors of 10141?
10141
What are the prime factors of 5440?
2, 5, 17
List the prime factors of 1362.
2, 3, 227
What are the prime factors of 11861?
29, 409
What are the prime factors of 307?
307
What are the prime factors of 1770?
2, 3, 5, 59
List the prime factors of 92760.
2, 3, 5, 773
List the prime factors of 960.
2, 3, 5
What are the prime factors of 1782?
2, 3, 11
List the prime factors of 715.
5, 11, 13
List the prime factors of 44136.
2, 3, 613
List the prime factors of 4232.
2, 23
List the prime factors of 625.
5
What are the prime factors of 46728?
2, 3, 11, 59
What are the prime factors of 373?
373
What are the prime factors of 124108?
2, 19, 23, 71
What are the prime factors of 23214?
2, 3, 53, 73
What are the prime factors of 9941?
9941
List the prime factors of 115015.
5, 23003
List the prime factors of 134080.
2, 5, 419
What are the prime factors of 5989?
53, 113
List the prime factors of 2512.
2, 157
List the prime factors of 49662.
2, 3, 31, 89
List the prime factors of 1225.
5, 7
What are the prime factors of 921?
3, 307
List the prime factors of 37982.
2, 7, 2713
What are the prime factors of 4380?
2, 3, 5, 73
List the prime factors of 1284.
2, 3, 107
What are the prime factors of 42771?
3, 53, 269
List the prime factors of 120372.
2, 3, 7, 1433
List the prime factors of 698.
2, 349
List the prime factors of 1800.
2, 3, 5
What are the prime factors of 2932?
2, 733
List the prime factors of 455.
5, 7, 13
What are the prime factors of 1000?
2, 5
List the prime factors of 32526.
2, 3, 13, 139
List the prime factors of 331.
331
List the prime factors of 868.
2, 7, 31
List the prime factors of 1201.
1201
List the prime factors of 27880.
2, 5, 17, 41
List the prime factors of 838.
2, 419
What are the prime factors of 10742?
2, 41, 131
What are the prime factors of 84341?
19, 23, 193
What are the prime factors of 171?
3, 19
What are the prime factors of 212083?
23, 9221
What are the prime factors of 6934?
2, 3467
What are the prime factors of 21563?
21563
What are the prime factors of 1695?
3, 5, 113
What are the prime factors of 3086?
2, 1543
List the prime factors of 3490.
2, 5, 349
What are the prime factors of 43587?
3, 29, 167
List the prime factors of 2057.
11, 17
List the prime factors of 6932.
2, 1733
List the prime factors of 46277.
7, 11, 601
List the prime factors of 795.
3, 5, 53
What are the prime factors of 38382?
2, 3, 6397
List the prime factors of 116982.
2, 3, 67, 97
List the prime factors of 22653.
3, 839
List the prime factors of 218.
2, 109
What are the prime factors of 161?
7, 23
List the prime factors of 2958.
2, 3, 17, 29
List the prime factors of 2252.
2, 563
What are the prime factors of 2055?
3, 5, 137
List the prime factors of 18321.
3, 31, 197
List the prime factors of 7166.
2, 3583
What are the prime factors of 108344?
2, 29, 467
What are the prime factors of 60602?
2, 157, 193
What are the prime factors of 5384?
2, 673
What are the prime factors of 44376?
2, 3, 43
List the prime factors of 148870.
2, 5, 14887
What are the prime factors of 1307?
1307
What are the prime factors of 317?
317
What are the prime factors of 40592?
2, 43, 59
List the prime factors of 873.
3, 97
List the prime factors of 4151.
7, 593
What are the prime factors of 88640?
2, 5, 277
List the prime factors of 690.
2, 3, 5, 23
What are the prime factors of 481?
13, 37
List the prime factors of 37330.
2, 5, 3733
List the prime factors of 429.
3, 11, 13
What are the prime factors of 10468?
2, 2617
What are the prime factors of 10387?
13, 17, 47
What are the prime factors of 3089?
3089
What are the prime factors of 3004?
2, 751
What are the prime factors of 7236?
2, 3, 67
List the prime factors of 1289.
1289
What are the prime factors of 122139?
3, 41, 331
What are the prime factors of 3660?
2, 3, 5, 61
What are the prime factors of 179?
179
What are the prime factors of 1523?
1523
What are the prime factors of 1811?
1811
List the prime factors of 810.
2, 3, 5
What are the prime factors of 82?
2, 41
What are the prime factors of 1815?
3, 5, 11
List the prime factors of 67136.
2, 1049
List the prime factors of 3106.
2, 1553
List the prime factors of 16680.
2, 3, 5, 139
What are the prime factors of 26457?
3, 8819
What are the prime factors of 7718?
2, 17, 227
What are the prime factors of 22547?
7, 3221
What are the prime factors of 42725?
5, 1709
List the prime factors of 3836.
2, 7, 137
What are the prime factors of 120420?
2, 3, 5, 223
What are the prime factors of 136962?
2, 3, 7, 1087
What are the prime factors of 18306?
2, 3, 113
List the prime factors of 105263.
105263
List the prime factors of 3077.
17, 181
List the prime factors of 3769.
3769
List the prime factors of 13693.
13693
List the prime factors of 49074.
2, 3, 8179
What are the prime factors of 93123?
3, 3449
What are the prime factors of 26347?
26347
List the prime factors of 54428.
2, 11, 1237
List the prime factors of 15647.
15647
What are the prime factors of 28450?
2, 5, 569
What are the prime factors of 22187?
11, 2017
What are the prime factors of 2827?
11, 257
What are the prime factors of 13623?
3, 19, 239
What are the prime factors of 4458?
2, 3, 743
What are the prime factors of 1917?
3, 71
What are the prime factors of 9228?
2, 3, 769
What are the prime factors of 1140?
2, 3, 5, 19
What are the prime factors of 74229?
3, 109, 227
What are the prime factors of 46195?
5, 9239
List the prime factors of 7227.
3, 11, 73
List the prime factors of 61.
61
List the prime factors of 364.
2, 7, 13
What are the prime factors of 111583?
241, 463
List the prime factors of 93995.
5, 11, 1709
List the prime factors of 150637.
17, 8861
List the prime factors of 153.
3, 17
List the prime factors of 9605.
5, 17, 113
What are the prime factors of 61237?
11, 19, 293
What are the prime factors of 15423?
3, 53, 97
What are the prime factors of 49101?
3, 13, 1259
List the prime factors of 80.
2, 5
List the prime factors of 16820.
2, 5, 29
List the prime factors of 4771.
13, 367
What are the prime factors of 1169?
7, 167
List the prime factors of 2889.
3, 107
What are the prime factors of 15411?
3, 11, 467
What are the prime factors of 432?
2, 3
What are the prime factors of 939?
3, 313
List the prime factors of 1247.
29, 43
List the prime factors of 822.
2, 3, 137
List the prime factors of 1410.
2, 3, 5, 47
What are the prime factors of 5934?
2, 3, 23, 43
What are the prime factors of 1024?
2
List the prime factors of 18428.
2, 17, 271
What are the prime factors of 7128?
2, 3, 11
List the prime factors of 25340.
2, 5, 7, 181
List the prime factors of 53561.
19, 2819
What are the prime factors of 1029?
3, 7
List the prime factors of 1983.
3, 661
What are the prime factors of 29042?
2, 13, 1117
List the prime factors of 59252.
2, 14813
What are the prime factors of 14330?
2, 5, 1433
List the prime factors of 1541.
23, 67
What are the prime factors of 65534?
2, 7, 31, 151
List the prime factors of 2416.
2, 151
List the prime factors of 166.
2, 83
List the prime factors of 3885.
3, 5, 7, 37
List the prime factors of 10851.
3, 3617
List the prime factors of 147439.
47, 3137
List the prime factors of 1149.
3, 383
What are the prime factors of 9213?
3, 37, 83
What are the prime factors of 78310?
2, 5, 41, 191
What are the prime factors of 26583?
3, 8861
List the prime factors of 2780.
2, 5, 139
List the prime factors of 30382.
2, 11, 1381
List the prime factors of 100553.
193, 521
List the prime factors of 51813.
3, 19, 101
List the prime factors of 547.
547
What are the prime factors of 10226?
2, 5113
List the prime factors of 1778.
2, 7, 127
List the prime factors of 909.
3, 101
What are the prime factors of 753?
3, 251
What are the prime factors of 1239?
3, 7, 59
What are the prime factors of 2520?
2, 3, 5, 7
What are the prime factors of 15322?
2, 47, 163
What are the prime factors of 50410?
2, 5, 71
What are the prime factors of 144?
2, 3
What are the prime factors of 69846?
2, 3, 7, 1663
What are the prime factors of 2053?
2053
List the prime factors of 1908.
2, 3, 53
What are the prime factors of 1333?
31, 43
What are the prime factors of 1120